 10*a**2 + 5*a**2 - 19 + 3*a**2 + 18*a. Calculate u(17).
-2
Let j(r) = -12*r - 8. Let k be j(-1). Let y(l) = -l**2 - 2*l - 1. Determine y(k).
-25
Let g(p) = p**2 + 9*p + 2. Let j(k) = -8*k - 4*k**2 - 1 + 0*k**2 + 3*k**2 + 0*k**2. Let l(d) = 5*g(d) + 6*j(d). Determine l(-3).
4
Let f be 67 - (-3 + 1 - 3/(-3)). Let x = f - 64. Let y(n) = -n**3 - 1. Let q(t) = -5*t**3 + 5*t**2 - 2*t - 9. Let u(i) = -q(i) + 4*y(i). Give u(x).
-3
Let t(w) = w**3 + 5*w + 14*w + 14*w - 5*w**2 + 4 - 37*w. Let x be 4*(-9)/(-24) + 14/4. Determine t(x).
-16
Let l be 27/63 + 46/7. Let r(o) be the second derivative of -o**5/20 + 2*o**4/3 - 7*o**3/6 - 5*o**2/2 + 2*o. Determine r(l).
-5
Let n(f) = -10 - 14 + 3*f + 33 - 7 - 8 + f**2. Calculate n(-7).
22
Let w be 238/357 - (-1)/((-6)/4). Let y(l) be the third derivative of 0*l - 1/24*l**4 - 5/3*l**3 + w - 4*l**2. Calculate y(-6).
-4
Let h(n) = 4*n + 19. Let l(x) = 21*x + 97. Let s(r) = -11*h(r) + 2*l(r). Determine s(-10).
5
Suppose -3*l - c = -2*c + 12, -3*c = -2*l - 8. Let k(x) = -x - 5. Give k(l).
-1
Let b(a) be the second derivative of -a**4/12 + 11*a**3/3 - 7*a**2 + 2*a. Let s be b(21). Let c(v) = -v**3 + 6*v**2 + 7*v - 3. Determine c(s).
-3
Suppose 0 = -2*u + 3*w + 2*w + 1, 0 = -5*w - 15. Let v(m) = 0*m**2 - 1 - 19*m + 5 - m**2 + 12*m. What is v(u)?
4
Let o(q) = -3*q. Let f be o(1). Let j be (21/14)/(1/(-4)). Let m = f - j. Let c(k) = -k**3 + k**2 + 1. Calculate c(m).
-17
Suppose 4*a - 20 = 4. Let u(s) be the second derivative of -s**4/12 + s**3 + s**2 + 5*s - 1. Give u(a).
2
Let t(v) = -v**3 - v**2 - v + 2. Suppose 5*y = -2*u + 88, 4*u - 81 = -3*y - 17. Let r = y + -16. Calculate t(r).
2
Let m(c) = -5*c**3 + 17*c**2 - 15*c - 4. Suppose 1 = -2*o + 5. Let g(x) = 3*x**3 - 11*x**2 + 10*x + 2 - 3 + 2 + o. Let y(z) = -8*g(z) - 5*m(z). Give y(-4).
0
Let b = 354 - 240. Let k = -115 + b. Let f(y) = -y**2 - y. Calculate f(k).
0
Let p = 9 + 3. Suppose -2*b + 11 = -4*d + 3*d, -3*b = 3*d - p. Let l(t) be the first derivative of t**2/2 - 2*t - 43. Determine l(b).
3
Let h(j) = 3*j**3 - 6*j**2 + 26*j - 5. Let a(v) = -2*v**3 + 7*v**2 - 31*v + 6. Let w(m) = -5*a(m) - 6*h(m). Calculate w(-1).
10
Suppose h - 2 = 10. Suppose 0 = -u + 4*u - h. Let q(o) = 2*o**2 - 4*o. Calculate q(u).
16
Suppose -4*y = 4, -t - 5*y - 304 = -305. Let w(g) = -3*g - 6*g - 1 + 3*g + g**2. Determine w(t).
-1
Let l(h) = 2*h**3 + 5*h**2 - 9*h - 2. Let j = 28 + -29. Let u(q) = q**3 - q**2 - q. Let s(r) = j*l(r) + 3*u(r). Give s(7).
-5
Let o(b) = 10 - 19 + 8. Let d(t) = -4*t - 6. Let u(y) = -d(y) + 4*o(y). Give u(-2).
-6
Let i be (8/(-3))/((-3)/9). Let y(f) = -1 - 2*f - 4*f + i*f - 3*f**2. Suppose -4 = -2*a - 2. Calculate y(a).
-2
Let v(m) = -4*m - 8. Let f(y) = -3. Let o(k) = 7. Let h(i) = -5*f(i) - 2*o(i). Let l(q) = -q + 25. Let w(c) = 4*h(c) - l(c). Let z be w(15). Give v(z).
16
Let m be 90/20*4/9. Suppose 5*p + 2*g - m = 15, -2*g = 2*p - 8. Let u(o) be the third derivative of o**4/8 - 2*o**3/3 - o**2. Determine u(p).
5
Let z(i) = i**2 + 6*i + 9. Let x(p) = p**3 + 8*p**2 - 68*p - 44. Let q be x(-13). What is z(q)?
4
Let g(f) = 7*f**2 + 4*f - 7. Let w(l) = -8*l**2 - 5*l + 9. Let c(x) = -6*g(x) - 5*w(x). Give c(-3).
-24
Let p(b) = 4*b**3 + 352 + 3*b**2 - 356 - 4*b - 2*b**3. Give p(-3).
-19
Let q(j) = 7*j - 21. Suppose -2*i - 31 = -5*x, -34 = -7*x + 2*x + 3*i. Determine q(x).
14
Let l(h) = -4*h + 5 - 10*h + 3. Let p(x) be the first derivative of 5*x**2/2 - 3*x - 14. Let j(a) = -6*l(a) - 17*p(a). Determine j(0).
3
Let x(b) = b - 3. Let l = -35 - -38. Suppose -o - 24 = -4*c + 2*o, 0 = -l*c + 4*o + 18. What is x(c)?
3
Suppose 2*d + d = -4*n + 23, 5*d - 15 = 5*n. Suppose -z = -n*o, o - 8 = -2*z + 2. Let j(w) = -w**2 + 8*w. Calculate j(z).
16
Let l(i) = i**3 + 5*i**2 - 7*i - 5. Let y(a) = -a**3 - 10*a**2 + 38*a - 3. Let b be y(3). What is l(b)?
1
Let l(v) = -v**3 - 8*v**2 - 10*v - 15. Suppose -22 - 20 = 6*i. Determine l(i).
6
Suppose 134 - 4 = 13*s. Suppose -3 = -0*w - w. Suppose 5 = -w*m - s. Let y(r) = r**3 + 6*r**2 + 5*r + 7. Give y(m).
7
Let o(q) = -2*q**3 + 2*q**2 - 2. Let x be 11/4 - 96/128. Determine o(x).
-10
Let x(l) = l + 16. Let o be x(-13). Suppose -5*b + 4*h + o + 17 = 0, 2*b + 2*h + 10 = 0. Let y(j) = -j**3 - j + 1. Calculate y(b).
1
Let c(h) = -6 - 7 - 16 + 0 + 2*h + 9. Determine c(9).
-2
Let p(b) = 45*b - b**2 - 147*b + 103*b. Suppose 3*z + 3*i = -15, 2*i = -z + 1 - 11. Let n = z + 1. Calculate p(n).
0
Let i(k) be the second derivative of -k**4/3 - k**3/6 - k**2/2 - k + 50. Give i(-2).
-15
Let q(g) = 3*g**3 - 10*g**2 + 8*g - 13. Let m(y) = -2*y**3 + 7*y**2 - 5*y + 9. Let k(p) = -8*m(p) - 5*q(p). Determine k(6).
-7
Suppose -8*h - 19 = -35. Let f(x) = 1 - 17*x - h + 10*x + 10*x. Calculate f(-2).
-7
Let d be 48/(-21) - 6/(-21). Let g be d/3 + 2/(-6). Let h(m) = 4*m**2 + 3*m + 1. Let p(x) = 4*x**2 + 2*x + 1. Let n(l) = 2*h(l) - 3*p(l). Determine n(g).
-5
Let i = 90 + -90. Let l(b) = b**2 - 15. Give l(i).
-15
Let u(c) = 12856 - 12856 + c. Let i be (0 - 0)/(0 + 1). Suppose -t = i, 7*r + t = 4*r - 3. Give u(r).
-1
Let u(h) = 2*h + 2. Suppose 5*b + 3*x = -17, -3*x + x = -3*b - 14. What is u(b)?
-6
Let z(v) = -v**3 - 5*v**2 - v - 3. Let b(h) = 23*h**2 + 48*h + 27. Let n(p) = 8*p**2 + 16*p + 9. Let t(y) = 6*b(y) - 17*n(y). Let u be t(-7). What is z(u)?
2
Let s(x) = -3*x - 3. Let v(j) = -16*j**2 - j**3 - 56*j + 31*j + 10 + j**2. Let r be v(-13). Give s(r).
6
Let u(d) = -d - 1. Let f(j) = j + 44. Let r be f(-11). Suppose 2 = 31*x - r*x. Calculate u(x).
0
Let v(g) = -g**3 + 6*g**2 + g - 2. Let b be (-13)/(-3) - (-4)/6. Suppose 311*h = 306*h + 10. Suppose n = h*r - 8, b = 4*r - n - 15. Give v(r).
4
Let c(g) = g**2 - 4*g + 0*g**2 + 3 - 1 - 8. Let a = -13 - -8. Let i be 1*2 + (-2 - a). What is c(i)?
-1
Let g(l) = 4. Let v(s) = -s + 7. Let h(u) = -5*g(u) + 2*v(u). Let z = -37 - -42. Suppose 38 = -z*a - 4*t, 2*a + 2*t + 3 + 13 = 0. What is h(a)?
6
Suppose 3*i - 369 = -3*f - 0*f, 3*i = -5*f + 607. Let a be f/17 - (0 - 0). Suppose 0 = 5*b - 5*k - 20, 4*b - a = k - 0*k. Let g(z) = 5*z**3 + z**2. Give g(b).
6
Let d = 315 - 308. Let w(c) = c. Give w(d).
7
Let i = -2 + -2. Let m(x) be the second derivative of -9*x + 1/6*x**3 - x**2 + 0 + 1/12*x**4. Give m(i).
10
Let x(q) = 6 - 25*q**2 + 24*q**2 + 2*q**2 + 8*q + 4. What is x(-7)?
3
Let d(m) = 3*m + 104206 + 5*m + 0*m - 104214. Determine d(0).
-8
Let z(h) = 4 - 27 - 8*h + h**2 + 2. Let g be z(10). Let b(i) = 6*i**2 - i. Determine b(g).
7
Let q(c) = c**2 - 6*c + 5. Let b = 58 - 52. Suppose 0 = -3*f - 4*t + b, 2*t + 12 = 3*f + 4*t. Determine q(f).
5
Let a be ((-2)/(-3))/(2/6). Suppose -4*h = h - k - 15, 25 = -5*k. Let o(j) = -4*j + j**h - 5 + 5 + 1. Determine o(a).
-3
Let b(g) = -3*g + 4. Let k be (3 - 6)*3 - -5. Determine b(k).
16
Let o be (3/(-3))/1 + 8. Let p = o - 4. Let q(r) = r. Let t(v) = 4*v + 1. Let f(x) = 11*q(x) - 2*t(x). Give f(p).
7
Let n(v) be the first derivative of 2*v**3 + v - 1/2*v**2 + 14. Give n(1).
6
Let m(j) = 2*j**3 + 3*j**2 - j - 1. Let k = -208 + 205. Give m(k).
-25
Let o(s) = -4*s**3 + 5*s**2 - 16*s + 12. Let c(d) = -3*d**3 + 3*d**2 - 11*d + 8. Let r = 21 - 11. Let q = 5 - r. Let v(l) = q*o(l) + 7*c(l). Calculate v(-5).
6
Let h = 68 - 96. Let o = -22 - h. Let m(t) = 2 + 0*t**3 - 1 - t**3 + 6*t**2. Calculate m(o).
1
Let q(c) = c**2 - 6*c. Suppose -21 + 71 = -3*a + v, 4*v = 20. Let o = -2 - a. Let d = 20 - o. Determine q(d).
7
Let k(z) be the third derivative of 0 + 0*z + 1/4*z**4 - 1/6*z**3 - 6*z**2. Calculate k(2).
11
Let b(p) be the third derivative of -p**5/12 + p**4/6 - p**3/3 - 12*p**2 - 7. What is b(3)?
-35
Let n(g) = 10*g**2 + 31*g - 13. Let q(o) = -3*o**2 - 10*o + 4. Let d(v) = -2*n(v) - 7*q(v). Let r(b) = -11*b - 236. Let j be r(-21). What is d(j)?
-17
Suppose 0 = 2*x + 8 + 4. Let s(a) = -a + 6*a - 10 - 4*a. Let n(d) = 3*d - 21. Let k(y) = 2*n(y) - 5*s(y). Calculate k(x).
2
Let x(a) be the first derivative of -a**6/360 + 3*a**5/40 - a**4/3 - a**3 + 10. Let m(g) be the third derivative of x(g). What is m(6)?
10
Let n(u) = -u - 2. Let b(k) = 2*k + 4. Let y(g) = -2*b(g) - 5*n(g). Let p be (-4 - -6)*1/2. Let o be -2 - 3/3*p. Calculate y(o).
-1
Let m = -4 - -5. Let p be 0/((-7)/(7/(-2))). Let f(a) = 0 - 2*a + p*a - 1 + 20*a. What is f(m)?
17
Let i(f) be the third derivative of f**6/120 - f**5/30 + f**4/